f u and 4454?
34
Let w be ((-978)/(-18) - (-2)/3) + -4. Suppose -13*b = -w*b + 1368. Calculate the greatest common factor of b and 96.
12
Let s be -23 + 4 + 5/(-1). Let r = s + 24. Suppose -2*u + 2*y - y + 175 = 0, r = -u - 2*y + 75. What is the highest common divisor of 34 and u?
17
Suppose -358 = -2*a + 5*v + 396, 2*a = -v + 754. What is the greatest common divisor of 232 and a?
29
Let f(s) = 205*s - 4249. Let b be f(21). What is the greatest common divisor of b and 16408?
56
Let s be ((-25)/4)/1*-8. Suppose -7*k + 15 = -2*k + 3*u, 3*k - 2*u = 28. Let p be s/k + -3 - 2/(-3). Calculate the highest common factor of 66 and p.
6
Suppose 9 = 3*l + m - 2*m, 0 = -3*l - 3*m + 9. Suppose 24*f - 20*f + 4 = 0, u - 185 = l*f. Calculate the greatest common factor of u and 98.
14
Let u be (25 + -31)/(6/(-4)). Suppose u*m - 34 - 12 = 2*h, 0 = -4*m - h + 61. What is the greatest common factor of 14 and m?
14
Let s(x) = -2*x**3 + 13*x**2 + x + 3. Let o be s(6). Let q = o + 49. What is the greatest common divisor of 2 and q?
2
Let t(l) = -35*l**2 + 30*l + 20. Let j be t(9). Let i be j/(-6) - 10/(-12). Calculate the greatest common factor of 17 and i.
17
Suppose u - 441 = -5*r, 6*r + 3*u - 91 = 5*r. Let l be (-9)/21 - (-240)/21. What is the greatest common divisor of r and l?
11
Let x(m) be the third derivative of 19*m**4/24 + 3*m**3/2 - m**2 - 54. Let k be x(14). What is the highest common divisor of 75 and k?
25
Let h = 289 + -214. Suppose 0 = -2*c + h + 89. What is the highest common factor of 2 and c?
2
Suppose -139*p + 1213641 = 394*p. Calculate the highest common divisor of p and 115.
23
Let b(a) = a**3 - 3*a**2 + a - 4. Let s be b(4). Suppose 194*w - 116*w + 3024 = 105*w. Calculate the highest common divisor of w and s.
16
Suppose -71*g = -6*g - 19645 - 21760. Calculate the greatest common divisor of g and 119.
7
Suppose 4*l = -4*a + 6020, 87*l + 28 = 83*l. What is the highest common factor of a and 918?
54
Suppose -10*m + 3*l = -15*m + 1988, 3*m - 1208 = 2*l. Let p = 26 - -24. Calculate the highest common divisor of p and m.
50
Let m be (-4)/(-3) - (-4459)/(-39). Let z = m - -217. What is the greatest common divisor of z and 52?
52
Suppose -t = -18 - 142. Let x be (-87)/(-2) - 21/14*-3. What is the greatest common factor of t and x?
16
Suppose 2*g = g + 184. Suppose -38*r - 58*r + 768 = 0. What is the highest common divisor of r and g?
8
Let i be (-32)/8 - (-1 + 2 + -118). Let t = -83 + i. Suppose t - 49 = -a. What is the greatest common divisor of 171 and a?
19
Let u(p) = 2*p**3 - 4*p**2 - 31*p + 71. Let m be u(5). Calculate the greatest common factor of m and 6358.
22
Let z be (32/24)/((-15)/(-855)). What is the greatest common divisor of 1254 and z?
38
Let a be 2 + 4 + -1 + -7. Let u be (2/4)/((-1)/a)*9. Suppose 0 = -8*g + u*g - 6. What is the greatest common factor of 4 and g?
2
Let q = -461 - -460. Let m be ((-3 + 4)*q)/((-3)/51). What is the greatest common divisor of 34 and m?
17
Let g be (29 - 2)/(1/(-3)). Let w = -35 - g. Let l be (2 + -1)*(85 + -86)/((-1)/23). Calculate the greatest common factor of l and w.
23
Suppose -k + 77 = 2*t, 129 = 2*t + 2*k + 51. Let h be (-2385)/(-25) - 4/10. Calculate the highest common factor of t and h.
19
Suppose -10*f - 221 + 4721 = 0. Calculate the greatest common factor of f and 990.
90
Let w = -1806 + 2081. Calculate the highest common divisor of w and 150.
25
Let k = -2789 + 2805. What is the highest common divisor of k and 40?
8
Suppose 3*w - 116 = -5*x + w, -4*x - 3*w + 90 = 0. Let i(q) = 10*q + 2. Suppose 2 + 0 = 2*j. Let r be i(j). What is the highest common factor of r and x?
12
Let q = 32838 - 32758. Let r(p) = -33*p - 1. Let k be r(-1). Calculate the greatest common divisor of k and q.
16
Let n be -5*42/60*(-1 - 1). Let y(m) = 225*m - 1. Let h be y(1). What is the greatest common divisor of h and n?
7
Let u(l) = 3*l**2 + 49*l - 418. Let t be u(9). Calculate the greatest common divisor of t and 378.
14
Let h(f) = -121*f - 8758. Let v be h(-73). What is the highest common divisor of v and 15475?
25
Let p(g) = -124*g + 1130. Let k be p(9). What is the greatest common factor of k and 64?
2
Let p = 165 - 132. Let s = p - -9. What is the highest common divisor of s and 462?
42
Suppose -5*d + 15 = 0, -5*f = 2*d - 7*d - 605. Let u = f - 105. Suppose -18*y - 3 = -u*y. What is the highest common divisor of y and 24?
3
Let h be -3 - (184/(-4) + -6 - (0 + 4)). What is the highest common factor of h and 689?
53
Let m = -2971 - -6609. Calculate the greatest common factor of m and 34.
34
Let h(v) = 46*v - 52. Let o = -43 + 49. Let k be h(o). What is the greatest common factor of k and 14?
14
Let s(i) = 5*i + 13*i**2 - 6*i**2 - 3*i**2 + 3*i**2. Let p be s(-4). Calculate the greatest common factor of 8 and p.
4
Suppose 20 = 2*w + 28, -3292 = -4*g - 5*w. Calculate the greatest common divisor of 24 and g.
12
Let d(n) = n**3 - 9*n**2 + 8*n - 45. Let h be d(9). Calculate the highest common factor of 459 and h.
27
Suppose 12*u = 8*u + 76. Suppose -2*d = 2*n + n - u, 5 = -5*n. Calculate the highest common divisor of d and 143.
11
Suppose 12*x - 47*x - 759 = -934. What is the highest common divisor of 880 and x?
5
Suppose 34*p + 22785 = 16*p + 25*p. Calculate the greatest common divisor of 7 and p.
7
Let l be (4772313/10920 + -1 + 11/8)*85. What is the greatest common divisor of l and 51?
51
Suppose 17*d - 17783 - 4836 = 19201. Calculate the highest common divisor of d and 861.
123
Suppose 4*a - 2*d = -4*d - 56, -2*a - 36 = 5*d. Let k = a - -112. Calculate the highest common divisor of k and 11.
11
Let s(w) = 3*w**3 + 61*w**2 - 4*w - 25. Let q be s(-20). Suppose -13*u + q = -6*u. What is the highest common divisor of 195 and u?
65
Let z(q) = -2*q + 50. Let i be z(9). Let w(a) = 4*a - 108. Let u be w(i). What is the highest common factor of 220 and u?
20
Suppose u = 151 + 201. Let a(v) = 8*v - 290. Let q be a(37). Suppose -4*l + 178 = z, 0 = 5*l + q*z - 9*z - 214. Calculate the greatest common factor of l and u.
44
Let o(g) = g**3 + 9*g**2 + 17*g + 1. Let b be o(-3). Let i = 29 - -267. What is the greatest common divisor of i and b?
4
Suppose -102*r = -100*r. Suppose 14 = 3*p - 2*p. Let l = p - r. Calculate the highest common factor of 21 and l.
7
Let q be ((-44720)/1300)/((-2)/160). What is the greatest common factor of 192 and q?
64
Let u(w) = -220 - 182 - 21 - 50*w. Let a be u(-10). What is the highest common factor of a and 11?
11
Suppose -h + 52 = z, -15*h + 11*h = -5*z + 287. What is the greatest common divisor of z and 5?
5
Suppose 33*k - 29*k + 3*g + 168 = 0, 0 = 2*k + 4*g + 84. Let n be -6*(k/12 + 2). Let c be 2/4*(53 - -1). What is the highest common divisor of c and n?
9
Let z(j) = 29 - 58 + 34 - 33*j. Let m be z(-1). What is the greatest common divisor of 646 and m?
38
Let m be 14/28*1*(-8)/2. Let a(u) = -2*u**3 + 2*u + 3. Let n be a(m). Calculate the greatest common factor of 555 and n.
15
Let s = 4211 + -4184. What is the greatest common divisor of 189 and s?
27
Let s be (14824/(-20) + 2)*(-405)/81. Calculate the greatest common factor of 21 and s.
21
Suppose 3*q + 2*p - 263 = 0, -p - 3*p + 162 = 2*q. Suppose 21*r + 406 = 2044. What is the greatest common factor of q and r?
13
Suppose -2*c + 405 = 3*c - 2*h, -10 = -2*h. Suppose -c*d - 5*y + 36 = -79*d, 34 = d - 5*y. Calculate the greatest common factor of 203 and d.
7
Let w(k) = 10*k**2 + 112*k - 910. Let q be w(28). Calculate the highest common factor of 14 and q.
14
Suppose 0 = 3*y - 193 - 317. Let f = -164 + y. Let x = 15 + -9. What is the greatest common divisor of f and x?
6
Let q be (-6)/((14 - 4)/(-20)). Suppose -3*k + k = 376. Let j = k - -284. Calculate the highest common factor of q and j.
12
Let c be (6/(-2))/((-2)/1)*(-440)/(-3). What is the highest common factor of c and 495?
55
Suppose 3*f + 3*u = 75, f + 76 = 4*f + 2*u. What is the greatest common factor of f and 2964?
26
Let o = -14178 + 25315. Calculate the highest common divisor of 7 and o.
7
Suppose -27 + 3 = -5*s + 4*r, 0 = -2*s + r + 9. Let v be (-2 - (-230)/s)/((-4)/(-8)). Calculate the greatest common factor of v and 3.
3
Let f be 3*(-1)/5 - (-32)/20. Let z be (3 - 0)*6/6*f. Suppose -z*j - j + 120 = 0. Calculate the highest common divisor of 6 and j.
6
Suppose -5*c + 36*c = 1566 - 32